. What is z(12)?
-7
Let m(t) = -t**2 + 12*t + 66. Determine m(15).
21
Let z(a) = a**3 - 10*a**2 - a + 11. What is z(10)?
1
Let y(c) = c**3 + 20*c**2 + c - 7. Calculate y(-20).
-27
Let t(f) = -f**3 + 4*f**2 + 4*f + 11. Give t(5).
6
Let y(m) = -m**3 - 2*m**2 + 1. Determine y(2).
-15
Let q(a) = -4*a + 1. What is q(-2)?
9
Let c(m) = -5*m + 2. Determine c(12).
-58
Let f(p) = -7*p + 161. Determine f(23).
0
Let r(g) = 6*g - 234. Give r(38).
-6
Let j(a) = a**2 - 3*a - 22. Calculate j(7).
6
Let l(f) = f**3 + 8*f**2 + 15*f + 4. What is l(-8)?
-116
Let h(f) = f**3 - 6*f**2 - 6*f - 8. Determine h(7).
-1
Let s(m) = 2*m**2 - 8*m + 3. Give s(6).
27
Let l(h) = h**3 + 5*h**2 + 5*h + 1. Calculate l(-3).
4
Let x(y) = -2*y + 9. Calculate x(3).
3
Let h(q) = -q**3 + 7*q**2 - 7*q - 2. Determine h(5).
13
Let b(f) = -f**3 + f**2 + 35. Determine b(0).
35
Let v(f) = f**3 - 5*f**2 - f + 4. What is v(5)?
-1
Let q(o) = 2*o**2 + 17*o - 9. Calculate q(-10).
21
Let h(a) = 9*a + 75. Give h(-8).
3
Let v(m) = m - 34. Determine v(-15).
-49
Let b(r) = 5*r**2 - 65*r + 13. What is b(13)?
13
Let j(c) = -c**2 - 27*c + 123. Calculate j(-31).
-1
Let u(y) = 7*y - 95. Determine u(15).
10
Let l(j) = -30*j - 288. Calculate l(-9).
-18
Let r(k) = k**2 + 12*k. What is r(-12)?
0
Let i(l) = -l - 5. Determine i(6).
-11
Let r(t) = -t**3 + 12*t**2 + 14*t - 15. Calculate r(13).
-2
Let s(r) = 2*r**3 - 7*r**2 - 6. Give s(5).
69
Let m(b) = 3*b**2 - 3*b. Give m(3).
18
Let g(q) = -9*q - 12. What is g(0)?
-12
Let f(k) = k**2 - 2*k - 22. Give f(6).
2
Let s(f) = 17*f - 23. What is s(3)?
28
Let g(y) = -34*y - 337. Determine g(-10).
3
Let x(p) = -9*p - 37. Give x(-4).
-1
Let y(u) = 4*u + 121. Determine y(-27).
13
Let p(i) = -9*i + 4. Determine p(3).
-23
Let p(o) = 94*o + 744. Give p(-8).
-8
Let z(r) = r**2 - 11*r + 31. What is z(7)?
3
Let l(f) = -f**3 - 8*f**2 + 13. Give l(-8).
13
Let v(j) = -5*j**2 + 3*j + 4. Determine v(3).
-32
Let o(g) = 5*g**2 - 126*g + 26. What is o(25)?
1
Let s(p) = -3*p - 89. Determine s(-24).
-17
Let a(p) = 13*p**2 - p. Determine a(-1).
14
Let m(c) = -c**2 - 15*c - 13. Determine m(-11).
31
Let v(b) = -13*b**3 + 3*b**2 - b. Determine v(2).
-94
Let j(g) = -g**2 + 2*g - 2. Calculate j(0).
-2
Let u(s) = -s**3 - 27*s**2 - 25*s + 19. Calculate u(-26).
-7
Let t(g) = -9*g - 142. What is t(-16)?
2
Let f(s) = s**3 - 12*s**2 - 3. Calculate f(12).
-3
Let d(v) = -8*v + 53. Determine d(8).
-11
Let b(r) = r**3 + 2*r**2 - 2*r - 3. What is b(-3)?
-6
Let i(r) = r**3 + 10*r**2 + 7*r - 9. Calculate i(-9).
9
Let l(m) = -2*m**3 - 11*m**2 - 5*m - 67. Give l(-6).
-1
Let j(r) = r**2 - 53. Give j(-7).
-4
Let u(n) = n**3 + 3*n**2 + 12*n + 10. Calculate u(-1).
0
Let d(f) = -10*f**2 - 8*f - 2. Calculate d(-1).
-4
Let f(g) = 16*g**3 + g**2 + 16*g + 15. What is f(-1)?
-16
Let z(v) = -v**2 - 24*v + 215. Give z(-31).
-2
Let p(t) = 2*t**3 - 10*t**2 + 6*t - 4. Give p(5).
26
Let k(x) = 4*x + 28. Calculate k(-6).
4
Let i(b) = -15*b**2 - 45*b + 44. Calculate i(1).
-16
Let s(v) = 4*v - 15. What is s(-13)?
-67
Let y(j) = -j**3 - 4*j**2 - 12*j - 27. Give y(-3).
0
Let x(p) = 2*p**2 - 2*p - 4. Calculate x(-2).
8
Let b(u) = u**3 - 20*u**2 - 21*u - 4. Determine b(21).
-4
Let p(r) = 5*r - 146. Give p(0).
-146
Let b(c) = c**3 - 12*c**2 - 2*c + 24. What is b(12)?
0
Let i(j) = -6*j + 73. Calculate i(13).
-5
Let y(f) = -f**2 - 15*f + 398. Determine y(-29).
-8
Let s(z) = 2*z**2 - 33*z + 35. Determine s(15).
-10
Let r(n) = n**3 + 2*n + 1. Calculate r(-1).
-2
Let h(q) = q**3 - 11*q**2 + 3*q - 33. Calculate h(11).
0
Let g(b) = -b**2 - 12*b + 4. Give g(-13).
-9
Let k(x) = -x**3 - 8*x**2 - 10*x - 7. Calculate k(-7).
14
Let u(h) = -2*h - 18. What is u(-9)?
0
Let k(z) = 13*z**2 + 2*z + 3. Determine k(-2).
51
Let z(q) = -q**3 - 7*q**2 + 10*q - 9. Determine z(-9).
63
Let q(f) = -22*f + 5. Determine q(2).
-39
Let z(n) = 4*n - 4. Calculate z(-4).
-20
Let i(r) = r**3 - 30*r**2 - 32*r + 31. Give i(31).
0
Let p(m) = m**2 - 7*m - 6. Determine p(7).
-6
Let c(p) = 4*p + 13. Give c(10).
53
Let q(w) = -w**3 + 3*w**2 + 9*w - 17. Give q(4).
3
Let y(q) = -q**2 + 7*q + 3. What is y(8)?
-5
Let t(q) = q**2 - 28*q + 22. What is t(26)?
-30
Let k(i) = -i**3 - 9*i**2 - 8*i - 1. Give k(-8).
-1
Let o(g) = -g**3 - 31*g**2 + 65*g - 33. Calculate o(-33).
0
Let u(r) = -4*r. What is u(1)?
-4
Let x(p) = 3*p**3 - 3*p**2 - p + 8. Determine x(2).
18
Let u(g) = -10*g - 58. Determine u(-3).
-28
Let s(h) = h**3 + 5*h**2 - h - 6. Calculate s(-4).
14
Let y(g) = g**3 - 26*g**2 + 30*g - 132. What is y(25)?
-7
Let i(k) = -3*k - 6. What is i(-7)?
15
Let x(t) = -t**3 - 11*t**2 + t + 10. Calculate x(-11).
-1
Let c(y) = 2*y**3 - 5*y**2 + 3*y + 1. Give c(-2).
-41
Let w(n) = -n - 4. Determine w(-11).
7
Let q(r) = -2*r**2 - 21*r + 114. What is q(-15)?
-21
Let u(l) = l**3 - 10*l**2 + 10*l. What is u(7)?
-77
Let f(c) = 25*c + 95. What is f(-7)?
-80
Let q(l) = -2*l**3 - 17*l**2 + 12*l + 30. Determine q(-9).
3
Let o(c) = 6*c**2 - 2*c + 9. What is o(4)?
97
Let j(m) = 16*m + 1. Determine j(-1).
-15
Let v(g) = g**3 - 8*g**2 + 2*g - 15. Calculate v(8).
1
Let o(p) = 4*p - 6. Determine o(-6).
-30
Let m(v) = 11*v - 164. Give m(15).
1
Let s(d) = d**3 - 11*d**2 + 25*d - 5. Calculate s(8).
3
Let n(x) = -x**2 - 6*x - 2. What is n(-4)?
6
Let c(v) = -v - 11. Calculate c(-5).
-6
Let a(b) = b**3 - 2*b**2 - b + 16. What is a(3)?
22
Let g(l) = -l**2 - 17*l - 27. What is g(-2)?
3
Let x(k) = 2*k**2 + 11*k + 8. Calculate x(-7).
29
Let c(q) = -q**3 + 5*q**2 + 3*q + 5. What is c(6)?
-13
Let z(p) = -5*p - 1. Determine z(-7).
34
Let t(g) = -g**2 + 12*g + 50. Determine t(19).
-83
Let u(v) = 33*v**2 + v - 1. What is u(1)?
33
Let g(d) = -d**3 + 6*d**2 - 2*d - 15. Determine g(5).
0
Let n(v) = -16*v**2. Calculate n(1).
-16
Let m(n) = -n**2 - 11*n - 4. Determine m(-10).
6
Let d(a) = a**3 - 7*a**2 + 7*a + 2. Give d(4).
-18
Let a(q) = q**3 + q**2 - q + 1. Determine a(-3).
-14
Let t(m) = -m**3 + 4*m**2 - 4*m + 4. Give t(3).
1
Let z(i) = i**3 - 4*i**2 - 6*i + 13. Determine z(5).
8
Let z(y) = 2*y**2 - 2*y - 2. Determine z(-3).
22
Let f(p) = -11*p. Give f(3).
-33
Let b(k) = k**2 + 7*k - 1. What is b(-6)?
-7
Let a(x) = -x**3 + 22*x + 56. Give a(-3).
17
Let k(f) = 14*f - 90. Determine k(9).
36
Let l(o) = -62*o**2 + 3*o + 2. Give l(-1).
-63
Let f(u) = u - 11. Determine f(-6).
-17
Let r(k) = 3*k**3 - k + 2. Determine r(2).
24
Let b(j) = j**3 + j**2 + 3*j + 3. Calculate b(-2).
-7
Let t(g) = -3*g - 5. Determine t(2).
-11
Let p(q) = 6*q + 65. Calculate p(-11).
-1
Let j(g) = 2*g**3 - 12*g**2 - g + 14. Determine j(6).
8
Let o(k) = -k**2 + k + 39. What is o(6)?
9
Let o(s) = 16*s**3 + s**2 + s + 1. Determine o(-1).
-15
Let h(l) = -l**2 - 24*l - 101. Calculate h(-16).
27
Let u(o) = 2*o**2 + 21*o - 29. What is u(-12)?
7
Let p(n) = -n**3 + 6*n**2 + 4. Calculate p(6).
4
Let s(j) = j**3 + 7*j**2 - 7. Give s(-7).
-7
Let o(w) = -6*w - 12. What is o(-4)?
12
Let c(a) = -3*a - 19. Calculate c(-5).
-4
Let c(o) = o**3 + 2*o**2 - 10*o - 19. Give c(-3).
2
Let y(p) = -p**3 + 18*p**2 + 3*p + 19. Calculate y(18).
73
Let q(d) = -d**3 + 4*d**2 - d + 12. What is q(4)?
8
Let x(g) = -4*g - 3. Give x(1).
-7
Let k(o) = -361*o + 2165. Calculate k(6).
-1
Let r(k) = -k**3 - 13*k**2 + 17*k + 29. Give r(-14).
-13
Let r(b) = b**2 - 14*b - 30. Calculate r(15).
-15
Let p(s) = s**2 - 3*s - 21. Give p(6).
-3
Let k(a) = -9*a**2 + 6*a - 2. What is k(0)?
-2
Let c(h) = h**3 - 7*h**2 - 11*h + 1. Determine c(8).
-23
Let d(q) = 2*q**3 + 4*q**2 + 2*q. What is d(-2)?
-4
Let g(z) = z**3 + 8*z**2 - 61*z + 41. Give g(-13).
-11
Let v(s) = 9*s + 13. Give v(-6).
-41
Let t(d) = -2*d - 27. Calculate t(-13).
-1
Let g(m) = -5*m - 12. Give g(-8).
28
Let p(t) = 3*t**3 + t**2 + 4*t + 3. What is p(-2)?
-25
Let b(v) = -v**2 - 9*v + 13. Determine b(-11).
-9
Let g(h) = -9*h + 114. Give g(13).
-3
Let v(l) = -l + 10. Give v(0).
10
Let p(b) = 40*b - 4. Determine p(1).
36
Let j(x) = x**2 + 16*x + 23. Determine j(-14).
-5
Let y(j) = 109*j**2 - 4*j - 2. What is y(-1)?
111
Let v(f) = -f**3 - 3*f**2 + 4. Give v(-2).
0
Let i(c) = -c - 3. Determine i(-7).
4
Let p(r) = -r**3 - 7*r**2 - 5*r + 5. Give p(-5).
-20
Let q(m) = m**2 - 12*m + 25. What is q(3)?
-2
Let i(z) = -z**2 - 3*z - 6. Calculate i(-4).
-10
Let l(k) = k**2 - 34*k + 205. What is l(26)?
-3
Let c(m) = -2*m**2 + m + 7. Give c(3).
-8
Let y(f) = 